Let b(k) = m*u(k) - 3*c(k). Give b(-1).
-2
Suppose 2*s + 15 = -3*s. Let f(k) = -k + 4. Let t = 53 + -56. Let c(j) = 1. Let b(o) = t*c(o) + f(o). Give b(s).
4
Let d(p) = 2 - p + 5 - 2 - p**2 - p. Let i = -2 - -1. Let c = -5 - i. What is d(c)?
-3
Let p = 40 - 127. Let u = 91 + p. Let f(t) = t**2 - 4*t + 6. Give f(u).
6
Let b(c) = 5*c - 2*c - 2*c + 9. Let a = -257 + 248. What is b(a)?
0
Let c(y) be the third derivative of y**6/120 - y**5/10 - 5*y**4/24 - 3*y**3/2 + 3*y**2. Let z be (-2)/6*(-42)/2. What is c(z)?
5
Let w(l) = -l - 1. Let o be 611/65 + -1*2/5. Suppose o*g - 4*g - 40 = 5*r, -3*r = -3. What is w(g)?
-10
Let p = 1333 + -1327. Let s(c) = 3*c - 27. Give s(p).
-9
Let p(w) = -w**2 - 8*w - 3*w + 861 - 861 + 17*w. Suppose -u - 12 = -3*u. Give p(u).
0
Let l(j) = 11*j**2 + 2*j**3 + j**2 - 3 - 18*j**2 + j. Calculate l(4).
33
Let z(r) = 3 + 26*r**2 - 28*r**2 + 14*r - 26 - 4*r - 26*r. Give z(-6).
1
Let w be (-34)/374 + (-45)/(-11). Let s(y) = -y + 11. What is s(w)?
7
Suppose 5 = -36*z + 41*z. Let c(b) = 20*b**2 - b - 30*b**2 - 2 + z. What is c(-1)?
-10
Let r(x) = -3*x. Suppose -5*k - 3*o = -11, -o - 12 = 3*o. Suppose 3*t - 3 - 1 = 2*l, k*l - 14 = -5*t. Determine r(l).
-3
Let a(j) = -12*j - 46. Let d(l) = -3*l - 15. Let p(m) = -2*a(m) + 7*d(m). Determine p(7).
8
Let i(o) = -o**3 - 9*o**2 + 8*o - 4. Let h be i(-10). Let k = 22 - h. Let b(l) = -l - l + k*l + l. Give b(-2).
-10
Let j(l) = l. Suppose p = -q, 0 = -4*p + 5 + 3. Determine j(q).
-2
Suppose -4*k + 3*w = -9*k + 18, 2*k + 8 = -5*w. Let j(g) = g - 4. Calculate j(k).
2
Let l(v) = -v**2 - 8*v - 10. Let a be 1430/40 + 6/(-8). Suppose z - n = a, -3*z - 4*n + 52 = -z. Suppose -5*p - 31 = -2*q, 0 = 3*p + q + z - 9. Give l(p).
-3
Suppose -4*w + 2*b = -6, -5*w = -3*b + b - 9. Let l be (-62)/(-12) - w/18. Let u(o) = -5 + 10 - l + 10*o. Give u(-1).
-10
Let m be (-15)/10 + (-18)/(-4). Let a(u) = u**2 + 2*u - u - 6*u + m + 1. What is a(4)?
0
Let y(w) be the second derivative of -w**6/360 - w**5/24 - w**4/12 - 23*w**3/6 + 3*w. Let j(k) be the second derivative of y(k). Give j(-3).
4
Suppose -12*v - 30 = -7*v. Let s(o) = -o + 2. Give s(v).
8
Let b(r) = 11*r - r + 235 - 448 + 247. Give b(-4).
-6
Suppose -5*r + 8 = 43. Let g(q) = -q**2 - 7*q + 4. Determine g(r).
4
Let o = -146 - -141. Let d be 6/(-21) + 74/14. Let x(l) = l**2 + 6 - d - 2*l**2 - 6*l. What is x(o)?
6
Let v(j) = 5*j**2 + 4*j + 5. Let f be -2 + 1 + 3*15/9. Let y(t) = -t**2 + t + 1. Let u(l) = f*y(l) + v(l). Give u(-6).
-3
Suppose 66*u - 115*u = -441. Let l(b) = -2*b**2 + 20*b - 13. Give l(u).
5
Let l(d) be the second derivative of d**5/20 - d**4/3 + d**3/2 + d**2/2 - 145*d. Determine l(3).
1
Suppose -20*l = -39 - 21. Let z(f) = 4*f**2 - 2*f + 3. What is z(l)?
33
Let w(s) = -17*s**2 - 506*s + 520*s - s**3 + 13*s**2 + 2. Calculate w(-6).
-10
Let k(v) = -4*v**3 - 2*v**2 + v + 2. Let m be k(-1). Let x(z) be the third derivative of 1/6*z**4 + 0*z + 0 + 1/60*z**5 - z**m + 2*z**2. What is x(-6)?
6
Suppose 0 = 2*h + 9 - 21. Let l(n) be the third derivative of -7/60*n**5 + 1/6*n**3 + 1/120*n**6 - 7*n**2 + 0*n + 0 + 1/4*n**4. Determine l(h).
1
Let u = -1 + 3. Suppose m - 3 = i - 4*i, 2*m + 2*i = u. Let l(j) be the third derivative of j**4/24 - 13*j**3/6 - 2*j**2 + 5*j. Calculate l(m).
-13
Let y = -6 + 12. Let s(i) = 4*i**2 + 12*i + 1. Suppose 2*a - 7 - 3 = 0. Let p(d) = -5*d**2 - 13*d. Let t(j) = a*p(j) + 6*s(j). Give t(y).
12
Let t = 18 - 13. Let z = 60 + -58. Let c(f) = 3 + f + 1 + 3*f**2 + f**3 - 6*f**2 - z*f**2. Determine c(t).
9
Let n be 72/3*(-1)/2. Let g = 59 + -43. Let b = g + n. Let u(p) = p**3 - 4*p**2 - p + 3. Calculate u(b).
-1
Suppose -4*w = -10*w + 18. Let a(k) = -2*k**2 + 4*k + 1. What is a(w)?
-5
Let j(y) be the first derivative of y**2 - 16*y + 27. Determine j(11).
6
Let l be (((-5)/(-4))/5)/((-4)/(-32)). Suppose 5*k = -2*d - 3 + 34, 0 = l*d - k - 1. Let n(a) = -a**2 - 5*a + 4. Determine n(d).
-20
Suppose 146*q - 153*q - 49 = 0. Let h(f) = -f**3 - 7*f**2 + 4. Calculate h(q).
4
Let m(f) = 4*f. Suppose 4*y + 5*b - 36 = 78, -3*b = 6. Suppose 7*l - 17 = -y. Give m(l).
-8
Let z(u) = -u**2 + 10*u - 5. Let g be -3*((-24)/9 - 0). Let q be z(g). Let y(x) = 9 + 9*x + q - 21. Determine y(1).
8
Suppose -25 = -18*y + 13*y. Suppose t - y = -0*t. Suppose 0 = 4*j - 2*d + 14, -t*j - 2*d = 17 + 5. Let u(n) = n**2 + 6*n + 3. What is u(j)?
-5
Let r(b) = 11*b - 2. Let x(v) = 13*v - 3. Let g(j) = 7*r(j) - 6*x(j). Give g(4).
0
Let f(p) = p**3 + 2*p - 16. Let b(l) = l**3 + l - 16. Suppose 2*g - 12 = -2*i, 2*i - 7*i = g - 22. Let k(o) = g*f(o) - 3*b(o). Give k(0).
16
Let m(o) = 2*o + 8 - 36 + 28. Determine m(-3).
-6
Suppose 2*n = -2 + 4. Let h(f) = 11 + 26*f**2 - 12 - 18*f**2. Determine h(n).
7
Let s(m) = -m - 1. Let h(z) = -2*z - 11. Let l(t) = h(t) - 3*s(t). Let i(p) = p**2 + 35*p + 216. Let q be i(-8). What is l(q)?
-8
Let y(n) = n**3 + 6*n + 20. Let t be y(-2). Let b(d) = -d**3 - d**2 + 2*d + 9. What is b(t)?
9
Let a(b) = 12*b**2 + 1. Let x be 3 - (3 - (-2 - -1)). Let m = x - -2. Let n be m - (-2 - (-4)/2). Calculate a(n).
13
Let t(m) = m - 9. Suppose 2*x - x = -4, 2*x = 5*p - 8. What is t(p)?
-9
Let d(m) = 9*m**3 - 11*m**2 - 4*m + 7. Let k(j) = -8*j**3 + 10*j**2 + 3*j - 6. Let t(s) = 6*d(s) + 7*k(s). Determine t(2).
-6
Let i(x) = -x**2 - 3*x + 2. Let m = -253 - -249. Determine i(m).
-2
Let o(a) = 2*a**2 - 1. Let v be o(-2). Let x(n) = 208*n + v*n**2 - 215*n - 2*n**3 + 5 + n**3. Let g = 14 - 8. Give x(g).
-1
Let h(j) be the third derivative of -j**5/30 - j**4/4 + j**3/3 + j**2 - 29*j. Give h(-5).
-18
Let p(q) = -q**3 - 11*q**2 - 13*q - 14. Let s(t) = 5*t + 15. Let u be s(-5). What is p(u)?
16
Suppose c + 4*c = 5*t + 110, -c - 5*t = -4. Let v = 22 - c. Let u(f) = -8 - f + 4*f**2 + f**v - 4*f**2 - f**2. Calculate u(0).
-8
Let z(m) = -23 + 5*m**2 - 1 + 22 + m**3. Let n(t) = -t**3 + t. Let h be n(-1). Suppose -2*d + 3*p - 13 = h, p - 2 = -p. What is z(d)?
-2
Let w(i) = -3*i - 1. Let m(f) = 17*f + 3. Let j(z) = 2*m(z) + 5*w(z). Calculate j(-1).
-18
Let v(k) be the first derivative of -10*k**2 - 4*k - 10. Let t(y) = 4*y + 1. Let w(j) = -14*t(j) - 3*v(j). Let m = 10 - 7. Calculate w(m).
10
Suppose -4*c - 11 = b, -5*b + 3*c = -10 + 19. Let d(v) = v**3 + 3*v**2 - 3*v + 2. Give d(b).
11
Suppose -3*z + 3 = q, 6 = 4*q - 2*z - 6. Let y(w) = -3*w**3 + 3*w**2 + 3*w - 3. Calculate y(q).
-48
Let c(m) be the first derivative of -1 - 5/2*m**2 - 1/4*m**4 + 2*m**3 + 7*m. Calculate c(5).
7
Suppose -5*l + 10*l = -35. Let a(b) = b + 1. Determine a(l).
-6
Let b(i) be the third derivative of i**5/30 + i**4/3 - 5*i**3/3 + 16*i**2. Let c be b(-5). Let x(s) = s - 3. Calculate x(c).
-3
Suppose 20 = 48*n - 43*n. Let h be (10/(-5) - (-2)/n)*4. Let b(g) = g**2 + 2*g - 7. Determine b(h).
17
Let p(i) = i - 1. Let f = -1 + 19. Let x be (-12)/54 + (-1)/(f/86). Determine p(x).
-6
Let c = -116 - -110. Let t(h) = -2*h. Determine t(c).
12
Let j(y) = -y**3 - 3*y**2 + 4*y + 4. Let d = -56 - -53. Give j(d).
-8
Let c(t) be the second derivative of -t**5/20 + 5*t**4/12 - t**3/2 + 143*t + 2. Determine c(4).
4
Let o(m) = 4*m**2 - m. Let n be o(1). Let y(k) = 16 + 3*k**3 - 2*k**3 - 4*k**2 - 20 + n*k. Let x = -895 - -899. Give y(x).
8
Suppose -5*p - 17 = 2*b, b - 4*b - 4*p = 8. Suppose -5*z - 3 = -4*z - 3*o, 3*z - 3*o = -3. Let w(i) = 1 + 4 + z - 3*i. Give w(b).
-7
Let q(c) = -4*c - 2. Suppose t - h = -6, -4*t - 3*h + 12 = 43. Give q(t).
26
Let t(m) = -m**3 - 4*m**2 - 5*m + 3. Suppose -83*s - 22*s = 420. Determine t(s).
23
Let t(x) = x**3 - 6*x**2 + x - 3. Let j(f) = -f - 3. Let r be j(-4). Let g be r/((-3)/(-36)*2). Determine t(g).
3
Let u be 36*(6/(-9) - 0). Let q = u + 27. Suppose 0*y + 1 = -q*f - 4*y, 6 = 2*f - 4*y. Let i(l) = 11*l - 1. What is i(f)?
10
Let j(v) be the second derivative of v**5/20 + v**4/2 + 4*v**2 - 27*v - 2. What is j(-6)?
8
Let c be (-3)/18 + 39/18. Suppose c*a + 5*k - 11 = -2*a, -14 = -3*a + 2*k. Suppose 0*x = a*x. Let g(p) = -p**3 + p**2 - p + 18. Give g(x).
18
Let g(h) = -h**3 - 10*h**2 + 11*h + 10. Let k be (-19 - -8)/((0 - -3) + -2). Determine g(k).
10
Let h(q) = 3*q**3 + q**2 - q + 6. Let v(y) = 2*y - 4*y**2 - 25 - 13*y**3 - y + 4*y. Let g(a) = -9*h(a) - 2*v(a). What is g(0)?
-4
Suppose -361*y + 356*y = 45. Let r(q) = q**2 + 12*q - 2. Determine r(y).
-29
Let m(n) = n - 4. L